- 4. Let y be f(2). Let u be w(y). What is the highest common divisor of 26 and u?
26
Suppose -9 = -k - 1. Suppose -9 = -2*g - 5*y - 34, g = -5*y - 20. Let j = k + g. What is the greatest common factor of 2 and j?
1
Let w(o) = 9*o**2 - 69*o - 6. Let r be w(8). Calculate the highest common factor of r and 90.
18
Suppose -158 = -2*z - 0*z. Let p = z - 69. What is the greatest common divisor of 50 and p?
10
Suppose 4*c + 5*u = 30, -2*c - 3*u = u - 18. Suppose b + g - 20 = -3, 0 = c*b - 3*g - 93. Calculate the greatest common divisor of b and 90.
18
Let n be 2/(40/(-24) + 2). What is the highest common divisor of 66 and n?
6
Suppose y = -3*v - 6, 3 = -y - v + 5. Suppose 6 = -y*h + 8*h. What is the highest common divisor of 21 and h?
3
Suppose 2*p - 9 = -4*z + 5, 0 = -5*z + 10. Suppose -6*i + 228 = -p*i. Calculate the highest common divisor of 19 and i.
19
Let o be (-2)/9 - 260/(-117). Suppose 3*c - 263 = o*c. Suppose s - 4*x = -4*s + 291, 3*x - c = -5*s. Calculate the highest common factor of s and 11.
11
Let a(v) = -3*v**3 + 2*v**3 - 2 + 6*v + 1 + 0*v + 4*v**2. Let p be a(5). Suppose -3*u + p*u = 14. Calculate the highest common divisor of 7 and u.
7
Let p = -657 + 725. Suppose 3*j - 8 = f + 38, -4*j + f = -63. Calculate the highest common divisor of j and p.
17
Let n(c) = 19*c + 22. Let g be n(11). Calculate the highest common factor of 264 and g.
33
Let k be (-17234)/(-105) + (-8)/60. Suppose k = 16*o - 652. Calculate the highest common divisor of 153 and o.
51
Let v(c) = -c**3 + 30*c**2 - 59*c + 2. Let w be v(28). Let d = w - -110. Calculate the highest common divisor of d and 21.
7
Suppose -a + s + 53 = -s, -3*s - 104 = -2*a. What is the greatest common factor of a and 588?
49
Let t(f) be the first derivative of 2*f**3 + f**2 + 2. Let l be t(-2). Let i = l + -2. What is the greatest common factor of 90 and i?
18
Let n = -56 + 156. Suppose -4*k = -4*b - n, -2*k + 30 + 20 = -5*b. What is the highest common factor of k and 100?
25
Let u(c) = 45*c + 207. Let p be u(6). Calculate the highest common divisor of 27 and p.
9
Let m(i) = -i**3 - 17*i**2 - 29*i - 13. Let n be m(-15). Let w = 92 + n. Calculate the greatest common factor of 16 and w.
16
Let x(g) = -g + 15. Let n be x(13). Suppose -3*d + 4*d + 27 = n*r, 5*r + d = 85. What is the greatest common divisor of 144 and r?
16
Let l(k) = -k**3 + 7*k**2 - 4*k + 4. Let g be (-4)/14 + (-132)/(-21). Let n be l(g). Calculate the greatest common factor of 112 and n.
16
Let g = 148 - 145. Suppose -5*t = -2*t - 12. Suppose 5*s = t*j - 1 - 1, s = 2. Calculate the greatest common factor of g and j.
3
Suppose 333 = 4*u + 5*o + 119, -2*u - o = -104. Calculate the greatest common divisor of u and 306.
51
Let t(y) = -18 + 2*y + 25 + 22. Let u be t(-6). What is the greatest common factor of 68 and u?
17
Suppose m + 4 = 0, 3*y - 52 = m + 27. Let r be 2/8 - 299/(-4). Calculate the highest common factor of y and r.
25
Suppose -370 = 4*d - 562. What is the greatest common factor of d and 9?
3
Suppose -5*d = -19 - 171. What is the highest common divisor of 152 and d?
38
Let f be (-3)/2*(41/(-3) + 9). What is the greatest common divisor of f and 203?
7
Suppose 3*l = h - 101, 4*h + l - 323 = 16. What is the highest common divisor of 215 and h?
43
Let w be (-2*1 - -2) + 10. Let v = 29 + -26. Suppose 49 = -v*l + 259. What is the highest common factor of l and w?
10
Suppose -5*o = -86 - 14. Let v be (-6 - -4)*(-1)/1. Suppose v*b + 90 = 5*b. What is the greatest common divisor of o and b?
10
Let j be (-8)/(-10) - 11096/95. Let v = -98 - j. Let k be (4/(-10))/((-2)/60). What is the greatest common divisor of k and v?
6
Suppose 4*w - 2*g - 28 = 3*w, -2*g = 5*w - 92. Suppose 0 = -3*h + 15, 2*h - 10 = 3*p - 3. Suppose p + 47 = 6*q. What is the greatest common divisor of w and q?
4
Let q be (8/(-10))/((-2)/165). Let i be ((-12)/10)/(q/(-880)). What is the highest common factor of i and 40?
8
Let h(i) = 61*i**3 - i**2 + 7*i - 7. Let w be h(1). Calculate the highest common divisor of w and 24.
12
Suppose z = -4*v, -2*v + 2*z = -0*v. Let w(f) = f**3 + f**2 + f + 13. Let b be w(v). What is the highest common divisor of 91 and b?
13
Let w(g) = -g**3 + 8*g**2 + 9*g + 1. Let z be w(8). Calculate the highest common factor of z and 584.
73
Suppose 16*q = 17*q - 1. Let g be q/(-3)*108/(-2). Let v = -9 + 21. What is the highest common factor of g and v?
6
Let f = -6 - -29. Let g = 32 - 30. Suppose 4*o = -4*s + 3*s + 249, -o = -g*s + 507. What is the highest common factor of f and s?
23
Suppose 0 = 3*j - 2*j. Suppose 0 = -j*n + n - 14. Let w be ((-686)/(-35))/(2 + (-27)/15). Calculate the greatest common factor of w and n.
14
Let j be 3/((-3)/(-4))*(-2002)/(-28). What is the highest common factor of j and 11?
11
Let k = 156 - 151. What is the greatest common divisor of 175 and k?
5
Let a(y) = -29*y - 3. Let k be a(-2). Calculate the highest common divisor of k and 385.
55
Let h(f) = -f**3 - 5*f**2 - 2*f - 5. Let z be h(-5). Let y = -301 + 356. Calculate the greatest common divisor of z and y.
5
Let s(u) = 4*u**2 + 70*u - 47. Let g be s(-35). Calculate the greatest common factor of 27 and g.
27
Suppose 0 = 4*f + 5*d - 2*d - 335, 2*f + d - 165 = 0. What is the highest common divisor of f and 40?
40
Let q(o) = -68*o + 14. Let w be q(2). Let x = w + 343. Calculate the highest common divisor of 13 and x.
13
Suppose u + 17 - 4 = -2*y, -5*u + 40 = -5*y. Let h(i) = -14*i - 10. Let p be h(y). Calculate the highest common factor of 8 and p.
8
Suppose 3*d - 27 = a - 14, a - 11 = -3*d. Suppose m + 5*b + 8 = 0, d*m + b - 1 = 5. What is the greatest common factor of 52 and m?
2
Let u(d) = 7*d**2 + 5*d + 4. Let i be u(-2). Suppose -21*y = -i*y + 153. Calculate the greatest common divisor of 17 and y.
17
Suppose 3*x - 16 = -x. Suppose -b + 34 = -0*c + x*c, 5*b - 218 = 4*c. Suppose 3*u = -4*q + 50, -3*u = 2 + 4. What is the greatest common divisor of b and q?
14
Suppose -t + 4 = -1. Suppose -t*g + 20 = 2*a - 39, 55 = 2*a + g. Let r be 28/10 - 3/(-15). Calculate the greatest common divisor of r and a.
3
Let m = 363 - 331. Let t(o) = o + 48. Let a be t(0). Calculate the highest common factor of m and a.
16
Suppose 3*p - 7 = 38. Let j be 10/p - (-410)/6. Calculate the greatest common divisor of 23 and j.
23
Let q be 274/2 + (0 - 7 - -4). Calculate the greatest common divisor of 1273 and q.
67
Suppose 24*n - 22*n - 4 = 0. Suppose 7*h - 2*h + 2*i - 404 = 0, -n = -i. Calculate the highest common factor of 120 and h.
40
Let i(r) be the first derivative of -3*r + 3/2*r**2 + 3 + 1/3*r**3. Let f be i(-4). What is the highest common divisor of f and 4?
1
Let s be (((-45)/6)/5)/(12/(-8)). Suppose 2*j + 3 + 1 = 0, 0 = 2*x + 5*j. Calculate the highest common divisor of x and s.
1
Let x = -441 + 1208. What is the greatest common divisor of x and 59?
59
Let r be -6 + (-5)/(15/(-9)). Let y be (81/45)/(r/(-10)). Calculate the greatest common divisor of 24 and y.
6
Suppose -17*a = -16992 - 1249. Calculate the highest common divisor of a and 29.
29
Let o be ((-3)/(-4))/(1/8). Suppose -24 = -6*g + o. What is the greatest common factor of g and 1?
1
Suppose 36 = 2*w + 4*w. Let i = w - -1. Calculate the greatest common divisor of i and 35.
7
Suppose 0 = 88*d - 79*d - 612. What is the highest common factor of 442 and d?
34
Let l = 237 - 125. Let z be l/12 - 8/(-12). What is the greatest common divisor of 30 and z?
10
Let q(g) = 4*g + 24. Let x be q(0). Let f = x - -36. Calculate the greatest common factor of 24 and f.
12
Let g be -8*(-2 + 5 - 2). Let u(o) = -5*o - 4. Let s be u(g). Let c be (-59 - 1)*s/(-15). Calculate the greatest common factor of c and 16.
16
Let p = -188 + 217. Calculate the highest common divisor of 1073 and p.
29
Suppose -x - 11 = 3*b, -5*x = 4*b - x + 12. Let a(z) = -6*z + 4. Let o be a(b). Let y be 3/(-6)*6 + 17. What is the highest common factor of y and o?
14
Suppose 0 = -10*o - 312 + 322. Let k = 5 - 1. Calculate the highest common divisor of k and o.
1
Suppose -25*u = -17*u - 2816. Calculate the greatest common factor of 22 and u.
22
Suppose 43*h + 225 = 68*h. Calculate the greatest common factor of 270 and h.
9
Let h = 519 - 517. Calculate the greatest common factor of h and 14.
2
Let x(q) = 3*q + 23. Suppose -6*y + 5*y = 7. Let o be x(y). Calcula